Let t be 17/(2/((-10)/5)). Let j(i) = 21*i - 20. Let x(r) = t*m(r) - 6*j(r). Determine x(-1).
8
Let d(s) = -s + 6. Let v = -184 - -285. Let y = 20 - v. Let a be 18/y - (-56)/9. Give d(a).
0
Let a(g) = -g**2 - 2*g - 1. Let i(h) = 8*h**2 + 11*h + 5. Let r(y) = 11*a(y) + 2*i(y). Let l = 3 + -2. Determine r(l).
4
Let z(q) = -15*q**3 - 8*q**2 + 8*q - 2. Let n(d) = 23*d**3 + 11*d**2 - 11*d + 3. Let j(h) = 5*n(h) + 7*z(h). Give j(-1).
-11
Let h be (3 + 2)/(-2 + 45/10). Let n(v) = 20*v - 30*v + 18*v - 2 + v**2 - 2*v**h. Determine n(7).
5
Let i = 0 - 2. Let z = 3 - i. Let x(g) = -5*g + 2. Let b(j) = -4*j + 3. Let t(m) = 4*b(m) - 3*x(m). Determine t(z).
1
Let t(x) = -5*x - 4. Let m = 34 - 28. Let j be m/(-2)*(2 + 10/(-15)). Calculate t(j).
16
Let m(u) be the third derivative of u**6/120 + u**5/15 + u**4/24 - u**3/2 - u**2. Let z(a) = a**3 + a**2 + a - 1. Let y(d) = -2*m(d) + 4*z(d). Give y(2).
6
Let h = 11 + -4. Let p(x) = 5*x**3 + 2*x - 9*x**3 - 3*x + 3*x**3 + 9 + 7*x**2. Determine p(h).
2
Let v(k) be the second derivative of k**5/60 + 5*k**4/24 - 9*k**2/2 - 19*k. Let z(g) be the first derivative of v(g). What is z(-6)?
6
Let d(y) = 2*y**3 - y + 1. Let l(k) = 14*k**3 - 4*k**2 - 2*k + 3. Let g(v) = 6*d(v) - l(v). What is g(2)?
-5
Suppose -3*f = -6, f + 3 = -b + 3*f. Let a(h) be the second derivative of 0 - 4*h + 1/2*h**2 - 7/6*h**3. What is a(b)?
-6
Suppose -172*b = 730 - 1418. Let l(z) = -z - z + 0*z. Determine l(b).
-8
Suppose 2*r = 3*r - 33. Let t = r - 33. Let z(q) = q + 3. Give z(t).
3
Suppose 25 = 5*k + 3*y - 7*y, k - 21 = 4*y. Let t(x) = -k - 22*x + 13*x + 15*x. Suppose 0 = -4*m + m + 6. Give t(m).
11
Let q(o) be the second derivative of 1/12*o**4 + 0 - 1/2*o**2 - 5/6*o**3 - 14*o. Give q(5).
-1
Let w(p) = p**2 - 2*p + 4. Suppose -61 + 65 = 2*v. Let m = v - -1. Calculate w(m).
7
Suppose -20 = 2*q + 3*n, 4*q + 50 = -3*n + 16. Let g(v) = -5*v**2 + 14*v + 8. Let x(d) = 9*d**2 - 27*d - 16. Let z(b) = -11*g(b) - 6*x(b). What is z(q)?
1
Let l(f) = -2*f**2 - 3*f**2 - 4*f - 6 - 5*f**2 + 5*f**2 + 6*f**2. Let u(h) = -h**2 - 7*h. Let g = -2 + -4. Let z be u(g). Determine l(z).
6
Let p(b) = -b. Let i = -148 + 156. What is p(i)?
-8
Suppose -4*k + 5*w = 4, -4*k - w - 3 = -23. Let v(u) = -6*u**2 - 3. Let p(s) = 5*s**2 - s + 3. Let f(b) = -5*p(b) - 4*v(b). Calculate f(k).
1
Let u(r) be the first derivative of 3*r**2/2 + 12*r - 13. Let k be u(-5). Let q be -2*(2 - 0) + k. Let d(l) = -l**3 - 8*l**2 - 8*l - 4. Determine d(q).
3
Let z(p) = -p - 38. Suppose 0 = 28*n - 107*n. Determine z(n).
-38
Let k(a) = 2*a**3 - 4*a**2 - 4*a + 4. Let q be k(4). Let r be (-1)/2 + q/8. Let b(m) be the second derivative of m**4/12 - m**3 + m. What is b(r)?
0
Suppose 4*p = p - 15. Let s(x) be the first derivative of -x**5/60 - x**4/6 + x**3/3 - 2*x**2 - 5. Let y(z) be the second derivative of s(z). Calculate y(p).
-3
Let f(m) be the third derivative of 0 + 1/30*m**5 + 6*m**2 + 7/24*m**4 + 1/720*m**6 + 0*m + 0*m**3. Let p(z) be the second derivative of f(z). What is p(-6)?
-2
Let m = -81 + 104. Suppose -m = 5*i - 18. Let s(t) = -8*t**2 + t. Give s(i).
-9
Suppose 29*b - 152 = 10*b. Let h(o) = 2*o - 9. What is h(b)?
7
Let l(i) = i**2 - 8*i + 5. Let k = 259 - 250. What is l(k)?
14
Suppose -m + 0 - 5 = 0. Let u = m - -5. Let r(j) = -j**3 + j**2 + 16. Determine r(u).
16
Suppose y + 1 - 5 = 0. Let b(s) = -3*s - 5*s**2 - 2*s + y*s**2. What is b(-4)?
4
Let t(p) be the first derivative of -p**4/4 - p**3/3 + p**2/2 - p + 202. Determine t(1).
-2
Let r = 11 + -1. Let v = -5 + r. Suppose -v*n + 2 = -0*n + p, -10 = -5*p. Let z(w) = w**2 - w. Determine z(n).
0
Let m(g) = 5 + 6 + 2*g - 4 - 2. Let a(o) = -o - 3. Let f(i) = -7*a(i) - 4*m(i). Give f(-4).
5
Let n(t) = -t**2 - 4*t - 2. Let j be (-2 - 9) + (6 - -3). What is n(j)?
2
Let b(z) = -z - 5*z**2 - z**3 + 859 - 1731 + 868. Calculate b(-3).
-19
Suppose 5*s = -5*h - 15, -s - 4 = 4*h + 2. Let x(g) = 59*g**3 - 4*g**2 + g - 7. Let a(p) = -29*p**3 + 2*p**2 + 3. Let d(f) = -5*a(f) - 2*x(f). What is d(h)?
-28
Let t(b) be the first derivative of -2*b**3/3 + 5*b**2/2 - 3*b + 8. Suppose -4*v - 9 = -7*v. Give t(v).
-6
Let u = -501 - -715. Let w(i) = -221*i + u*i + 1 + 0 - i**2 - 3. What is w(-5)?
8
Let k(d) be the first derivative of d**4/4 - 5*d**3/3 + 2*d**2 + 3*d - 26. What is k(4)?
3
Let m(n) be the third derivative of -n**6/120 + 2*n**5/15 + n**4/4 - n**3 + 278*n**2. Determine m(9).
-33
Let f(q) be the first derivative of 5*q**2/2 - 3*q + 34. Calculate f(-5).
-28
Suppose 113 = 4*j + 25. Suppose -4*i = o - 34, 3*o = 3*i - j - 11. Let v(t) = 8 + 5 + t - i. Give v(-5).
-1
Suppose -3*f + 5 = 4*q, 2*f - 15 = -3*q - 2*q. Let s(y) = 0 - 3*y + y - y**2 - 2*y + 2. Give s(f).
-3
Let j(d) = d**3 - 16*d**2 - 16*d - 17. Let p = 1058 + -1041. What is j(p)?
0
Let c(r) be the third derivative of r**6/120 + r**5/10 - 3*r**4/8 - 5*r**3/3 + r**2. Let x(k) = k**3 - 7*k**2 + 21*k - 29. Let s be x(2). What is c(s)?
4
Let l = 300 + -307. Let q(x) = 3*x - 8. Determine q(l).
-29
Suppose 29*r + 15*r = 0. Let j(a) = -a**2 + 2*a + 5. What is j(r)?
5
Let a(x) be the third derivative of -x**5/60 - x**4/3 + x**3/3 - 2*x**2. Let n = 59 + -67. Calculate a(n).
2
Let f(b) = b**2 + 11*b + 9. Let a be f(-12). Suppose 2*j - 6*j - 25 = -5*z, -4*j = -z + a. Let s(h) = -2*h - 1. What is s(j)?
9
Let z(p) = 76*p - 211*p + 4 - p**2 + 2*p**2 + 75*p + 70*p. Determine z(-9).
-5
Let k(d) = d + 9. Suppose 2*g - 3 = -9. Let f be g - (8/5)/(4/20). Give k(f).
-2
Let w(t) = 4*t - 2. Suppose -13 = 2*c + 5*a, 30 = 4*c - 2*a - 4. Suppose -3*f - 1 = 5*y, -4*f + c = y - 4. Calculate w(f).
10
Let u(j) = j + 3. Let h(z) = z**2 + 8*z. Let v be h(-9). Suppose -3*s + 2*s = v. Give u(s).
-6
Let g(p) be the second derivative of -p**3/2 + 16*p**2 + 2*p + 112. Calculate g(10).
2
Let o(g) = -5*g - 2. Suppose 0 = 5*z + a - 6 - 5, 4*a - 2 = z. Let k be -2 + (z + 5 - 2). Give o(k).
-17
Let s(p) be the second derivative of -p**7/2520 + p**6/240 + p**5/40 - 5*p**4/12 - 15*p. Let t(a) be the third derivative of s(a). What is t(-2)?
-7
Let a(y) = -y**2 - 14*y - 4. Let i be a(-13). Suppose 0 = -4*r + u, u - i = -10*r + 5*r. Let q(w) = r + 5*w + w + w**2 - 3. Calculate q(-3).
-11
Suppose -227 = 10*l - 167. Let n(i) = -i**2 - 13*i - 12. Calculate n(l).
30
Let q(u) = -5*u - 109. Let z(f) = 4*f + 73. Let y(r) = -5*q(r) - 7*z(r). Give y(14).
-8
Let t(m) = m**3 + 8*m**2 + 6*m - 3. Let n(v) = -v**3 - 8*v**2 - 6*v + 4. Let i(r) = -6*n(r) - 5*t(r). Calculate i(-7).
-2
Let m(d) = -23*d**2 + 7*d + 18. Let b(w) = w - 1. Let k(f) = 4*b(f) + m(f). Let z(q) = -8*q**2 + 4*q + 5. Let c(x) = 4*k(x) - 11*z(x). Give c(1).
-3
Suppose 0 = 2*v - 6*v + 20. Suppose v*p - 4*p = 9. Let j(k) = -4*k + 9*k - p*k. Calculate j(-1).
4
Let m(z) = z**2 - 16*z - 4. Suppose 4*l + w = -27 + 98, -2*l = 4*w - 46. Calculate m(l).
13
Let f = -345 - -348. Let k(s) = s**3 - 2*s**2 - s - 2. Give k(f).
4
Let c(q) = 5*q. Let r be 6 - -1*(0 - 1). Let p(n) = 6*n - 1. Let s be ((-2)/(-4)*8)/(-1). Let m(a) = r*c(a) + s*p(a). Determine m(-5).
-1
Let w(z) = -13*z**2 - 29*z + 43. Let d(f) = -4*f**2 - 10*f + 12. Let k(b) = 7*d(b) - 2*w(b). Calculate k(-6).
-2
Let t be 1*10 - 1 - (-478 + 480). Let z(g) = g**2 - 5*g + 0*g + 7 - 3*g. What is z(t)?
0
Let x(a) = a**3 - 4*a**2 - 5*a - 1. Suppose -11 = -4*h - 82*f + 85*f, -h - 4*f + 17 = 0. Calculate x(h).
-1
Let k(h) = -h**3 + 4. Let z(v) = -v**2 + 11*v - 10. Suppose 0*q + 5*q = 4*m - 50, -3*m - 4*q + 22 = 0. Let u be z(m). Calculate k(u).
4
Let u(s) be the second derivative of s**3/2 - 7*s**2/2 - 84*s. Give u(5).
8
Let o(j) = -j**2 - 5*j - 3. Let g = 408 - 416. What is o(g)?
-27
Let i(u) be the first derivative of 19 + 11/2*u**2 - 1/3*u**3 - 8*u. What is i(6)?
22
Let w be 12/(-10)*(-30)/12. Let x(u) = -11*u + 12*u - 7*u. Determine x(w).
-18
Let k(p) = -p**3 + 5*p**2 - 4*p + 6. Let i = -120 + 124. Calculate k(i).
6
Let a(l) = -l**2 - 10*l + 14. Let r be a(-11). Let k(y) = 281*y - 286*y + 7*y**2 + 2*y**3 - 3*y**r - 5. Give k(6).
1
Let p(y) = -y**3 + 7*y**2 - 8*y + 7. Suppose 5*c - 4*g = 38, 5*c + 2*g = 33 - 7. Determine p(c).
-5
Let b(g) = g**3 - 6*g**2 + 5*g + 1. Suppose 47*i + 28 = 54*i. Give b(i).
-11
Suppose -4*q - j - 1 = 5, 2*j = 4*q + 12. Let a(f) = -6*f**3 - f**2 + 4*f + 3. What is a(q)?
39
Let g be (14/(-4))/((-91)/13). Let h(y) 